*i. Let j = -282 + i. What is the tens digit of j?
1
Let r(s) be the first derivative of -4*s**2 + 298*s + 85. What is the tens digit of r(-6)?
4
Suppose 26*a = 5213 + 136903. What is the thousands digit of a?
5
What is the tens digit of 302964/16 - (-500)/(-400)?
3
Suppose 2*a + 2 + 0 = -2*x, -5 = 2*x + 3*a. Suppose 3*k - 387 = -6*l + 3*l, 0 = -k + x*l + 132. What is the tens digit of k?
3
Suppose -8 = -10*c - 28. What is the units digit of (28/6)/(c/(-69))?
1
Let t(h) = 36*h**2 + 24*h + 392. What is the thousands digit of t(-19)?
2
Let l(y) = -7*y**2 + y + 44. Let i be l(5). Let u = i + 928. What is the hundreds digit of u?
8
Suppose 0 = u - 1, 7*u + 11 = -t + 3*u. What is the tens digit of (-2)/t - 39570/(-225)?
7
Let i(b) = 2*b**3 - 5*b**2 - 2*b + 3. Let c be i(3). Let a(o) = 3*o**3 + 5*o**2 + 6*o - 3. What is the units digit of a(c)?
1
Suppose -8*o = 7 + 57. Let c be (o/12)/(4/(-1758)). Let d = c + -14. What is the hundreds digit of d?
2
Let b(j) = 2*j**2 + 5*j - 4. Let f(r) = r**2 + 1. Let n be f(-2). Let v be b(n). Suppose 0 = -4*m + 283 - v. What is the tens digit of m?
5
Suppose 18*u - 24*u + 12 = 0. Suppose 2*l - 304 = u*w, 7*w - 466 = -3*l + 5*w. What is the units digit of l?
4
Suppose 0 = 9*t + 29 - 2. Let x be 2 + -1 - -4 - t. What is the units digit of (-4230)/(-24)*1 + (-2)/x?
6
Let v = -259 + 272. Let s(o) = o**3 + o**2 - o - 1. Let f(r) = -r**3 - 15*r**2 - 8*r + 12. Let x(l) = -f(l) - 2*s(l). What is the units digit of x(v)?
0
Let r(d) be the second derivative of 9*d**3 - 29*d**2/2 + 3*d. Let a(p) = 2*p**3 + 7*p**2 + 7*p + 7. Let s be a(-2). What is the hundreds digit of r(s)?
2
Suppose -2*t + 12 = 4*i, 0 = 4*t - 2*i - 0 - 4. Suppose t*z + 5211 = 5*r, r + 4167 = 5*r - z. What is the hundreds digit of r?
0
Suppose -3*p - 4*c = -363, 0 = -2*p + 2*c + 160 + 68. Let v = p + -192. What is the units digit of (-10)/v - (-56)/30?
2
Let a(o) = 32*o - 25. Let l be a(1). Let w(u) = u**3 - 8*u**2 + 13*u + 28. What is the tens digit of w(l)?
7
Let p be (15/(-30))/((-2)/20). Suppose n + 4*x - 547 = 6*n, p*x = -2*n - 199. Let b = 166 + n. What is the units digit of b?
9
Suppose -7339 = 11*x - 108671. What is the units digit of x?
2
Suppose -162*m - 11*m + 652453 = -318942. What is the thousands digit of m?
5
Let q(v) = -3*v**3 + 21*v**2 - 8*v - 400. What is the ten thousands digit of q(-21)?
3
Let b(g) = 405*g - 377. What is the units digit of b(24)?
3
Let f(u) = u**3 - 15*u**2 + 25*u - 50. Let b = -23 + 39. What is the units digit of f(b)?
6
Let p = 506 - 521. What is the hundreds digit of (-1*(-5)/10 - p)*24?
3
Let x = -20 + 20. Let f(l) = l**3 + 2*l - 1. Let i be f(1). Suppose -4*k + 3*g + 77 = x, -i*k + 3*g - 63 = -5*k. What is the units digit of k?
0
Let b = 106 + -97. What is the units digit of 2 - b - -2 - -461?
6
Let h = -38595 + 57989. What is the tens digit of h?
9
Suppose -3*q = 2*q - 2*d - 3374, 3*q = 2*d + 2026. Let x be 48/(-9)*(-954)/12. Let a = q - x. What is the tens digit of a?
5
Let c(b) = 15*b**2 - 76*b + 94. What is the units digit of c(14)?
0
Let s(w) = 915*w + 602. What is the tens digit of s(6)?
9
Let f be (-2*(-5)/10)/(3/75). Suppose -f*x - 180 = -29*x. Let m = 91 + x. What is the hundreds digit of m?
1
Let w = -115 + 120. Let b be -1 + -11 + 0/w. Let n(d) = -14*d - 26. What is the hundreds digit of n(b)?
1
Suppose -6*b = -2*b - 44. Suppose b*u = 6*u + 130. Suppose 516 = 4*q + 5*o, -2*q = -o - u - 232. What is the tens digit of q?
2
Let t = -11176 + 16937. What is the tens digit of t?
6
Suppose 36750 = 104*t - 54*t. What is the hundreds digit of t?
7
Let l(i) = -48 - 29*i**2 + 62*i**2 + 25*i - 25*i**2. What is the tens digit of l(8)?
6
Let n = -3219 - -4277. What is the thousands digit of n?
1
Suppose 0 = -38*p + 51*p + 104. Let t(n) = 9*n**2 - 5*n + 44. What is the units digit of t(p)?
0
Let t(b) = 4*b - 94. Let l be t(13). Let z = 183 + -100. Let g = z - l. What is the units digit of g?
5
Let k = -430 - -703. Let h(s) = -s**3 - 10*s**2 + 18*s - 72. Let n be h(-12). Suppose -2*w = z - k, 681 = -n*w + 5*w + 3*z. What is the units digit of w?
8
Let a(c) = -360*c - 1633. What is the tens digit of a(-13)?
4
What is the tens digit of ((-21 + 15)*10/(-4))/((-3)/(-922))?
1
Let r = 34 + -33. Let m(t) = -14 + 4*t - r - 5*t + 6*t. What is the units digit of m(14)?
5
Suppose -14*a = 8591 - 93193. What is the thousands digit of a?
6
Suppose -1372 = 8*n + 84. Let z(v) = -49*v + 3. Let b be z(2). Let t = b - n. What is the tens digit of t?
8
Let w(z) = 5316*z**3 - 12*z**2 + 11*z + 24. What is the units digit of w(2)?
6
Let x(d) = 705*d**2 + 51*d + 297. What is the hundreds digit of x(9)?
8
Let d(r) be the first derivative of -r**4/2 + 14*r**3/3 + 11*r**2 + 65*r - 172. What is the hundreds digit of d(-5)?
5
Suppose -7*s + 12*s - 2*l = 137964, 0 = -2*s - l + 55182. What is the hundreds digit of s?
5
Suppose -20 = 4*f, 682*l + 4*f = 684*l - 158338. What is the units digit of l?
9
Let n = 31645 - 18361. What is the thousands digit of n?
3
Suppose -2*s - 115 = -2419. What is the hundreds digit of (2 - s/(-10)) + (-16)/80?
1
Let v = -1145 - -32133. What is the tens digit of v?
8
Let o be 912/(-9) - 3/(-9). Let h = o + 53. Let t = h + 93. What is the tens digit of t?
4
What is the tens digit of 3/(-30)*-50548 - (468/(-65) + 7)?
5
Suppose -2*s + 58 = -4*s + x, 0 = 4*s - x + 114. Let i = s + 40. Suppose -3*f + i = 0, 2*p + 4*f = -0*f + 106. What is the units digit of p?
5
Let p(g) = 216*g**2 - 8*g + 22. What is the hundreds digit of p(-5)?
4
Let x(y) = 6*y. Let g be x(-1). Suppose -8*w + 63 + 65 = 0. What is the hundreds digit of (78 + 0)*w/g*-1?
2
Let k(q) = 2*q**2 + 13*q - 5. Let c be k(-7). Suppose -4*w - c*t - 17 = -73, 0 = -5*t. What is the units digit of (36/w)/((-36)/(-1344))?
6
Let b = 74 - 47. Suppose v + b = -2*v. What is the tens digit of (-2)/v + 1634/18 + 1?
9
Let n(h) = -4*h**3 - 19*h**2 - 18*h + 3. Let t(o) = o**3 + o**2 + o. Let s(f) = n(f) + 5*t(f). Let l be s(15). What is the units digit of (-2)/1 + 14 + l?
5
What is the units digit of -6 - -6 - (-7029 - (-1 - 5))?
3
Let r(w) = 1. Let s(l) = 235*l + 5. Let h(a) = 3*r(a) - s(a). Let n be h(1). Let o = -110 - n. What is the units digit of o?
7
Let v = 8717 + 5351. What is the units digit of v?
8
Let k = 62 + -58. Suppose 3 = -k*w + 31. What is the tens digit of 47 + (3 - (-1 + w))?
4
Let l be -1 + (-13)/((-117)/71064). Suppose -4*d - 3*k = -8*d + 6327, 5*d - k - l = 0. What is the units digit of d?
8
Let w(h) = 6*h**2 - 29*h + 32 - h**3 - 90 + 14*h**2 + 40. What is the tens digit of w(14)?
5
Suppose 0 = 3*q + 4 + 11. Let p be q*(-2 - 18/(-15)). Suppose -26 = p*k - 6*k. What is the tens digit of k?
1
Let m = -8644 - -11444. What is the tens digit of m?
0
Suppose 144*j = 132*j + 20592. What is the hundreds digit of j?
7
Let z(t) = 6*t**2 + 10*t - 9. Let i(s) = s**3 - 7*s + 6. Let l be i(3). What is the tens digit of z(l)?
7
Suppose 9 = -2*j - 3. What is the tens digit of (7 + (-1173)/j)*(-2 + 4)?
0
Let v(d) = -208*d**2 + 11*d + 20. Let u be v(-3). Let c = u - -2719. What is the tens digit of c?
3
Let y(f) = 815*f**2 + 29*f - 82. What is the tens digit of y(3)?
4
Let c = -625 - -1685. What is the tens digit of c?
6
Suppose 5387 = -5*m + 16002. Suppose 0 = 3*u + 572 - m. What is the tens digit of u?
1
Let j(q) be the third derivative of q**5/60 - q**4/8 - 26*q**3/3 - 2*q**2 + 113*q. What is the units digit of j(-18)?
6
Let v = -18368 + 45215. What is the units digit of v?
7
Let z = -45 + 41. Let q be z - (2 + -62)/4. Let u = q + -6. What is the units digit of u?
5
Suppose 6575*i - 22584 = 6571*i. What is the tens digit of i?
4
Let c be 1 - -3*(0 + 1). Suppose -c*q - 15 = -967. What is the hundreds digit of q?
2
Let y = -650 - -651. Suppose -2*d - 2*d + 16 = 0. What is the tens digit of y/(1/928*d)?
3
Suppose 260*k + 26*k = 3654794. What is the tens digit of k?
7
Suppose -1275*b + 1270*b = -1545. Let y = 151 + b. What is the hundreds digit of y?
4
Let g = 4240 + -2533. What is the hundreds digit of g?
7
Let w(c) be the third derivative of 0 - 17/6*c**3 + 0*c + 1/12*c**4 - 5*c**2. What is the units digit of w(11)?
5
Let q(k) = 46*k**3 - k**2 + 3*k + 1. Let j be q(2). What is the tens digit of j - (-8 - -7)/(2/(-8))?
6
Suppose -5*q - 4*a + 117 = -112, -5*q - 5*a = -225. Supp